{"id":2040,"date":"2021-08-04T12:13:01","date_gmt":"2021-08-04T12:13:01","guid":{"rendered":"https:\/\/apostroph.es\/?post_type=product&#038;p=2040"},"modified":"2021-08-04T12:13:01","modified_gmt":"2021-08-04T12:13:01","slug":"la-teoria-de-limbecil","status":"publish","type":"product","link":"https:\/\/apostroph.es\/ca\/product\/la-teoria-de-limbecil\/","title":{"rendered":"La teoria de l&#8217;imb\u00e8cil"},"content":{"rendered":"<p>Inclou pr\u00f2leg de Llucia Ramis<\/p>","protected":false},"excerpt":{"rendered":"<p>Versi\u00f3 en catal\u00e0<\/p>\n<p>Joan Garcia \u00e9s periodista i treballa en un mitj\u00e0 digital. Difama m\u00e9s que informa i est\u00e0 de tornada de tot. Nom\u00e9s la seva amistat amb una altra reportera, l'Alexandra Riu, l'ajuda a suportar el dia a dia. Una nit, fent broma, redacta la falsa not\u00edcia de la mort d'un diputat al Parlament de Catalunya. L'endem\u00e0, el pol\u00edtic \u00e9s mort. Mentre investiga si \u00e9s una coincid\u00e8ncia o t\u00e9 un superpoder ple de possibilitats, en Garcia descobreix unes misterioses filmacions dom\u00e8stiques que tenen a veure amb el seu germ\u00e0 Josep, que va morir quan era petit. Les dues trames conflueixen en un thriller ple d'aparences, de secrets del passat i dels perills que implica fer un mal \u00fas de la paraula.<\/p>","protected":false},"featured_media":2041,"template":"","meta":{"ub_ctt_via":""},"product_brand":[],"product_cat":[209],"product_tag":[],"class_list":{"0":"post-2040","1":"product","2":"type-product","3":"status-publish","4":"has-post-thumbnail","6":"product_author-pep-prieto","7":"product_cat-narrativa","9":"first","10":"instock","11":"taxable","12":"shipping-taxable","13":"purchasable","14":"product-type-simple"},"featured_image_urls_v2":{"full":["https:\/\/apostroph.es\/wp-content\/uploads\/2021\/08\/TEORIAIMBECIL.jpg",873,1240,false],"thumbnail":["https:\/\/apostroph.es\/wp-content\/uploads\/2021\/08\/TEORIAIMBECIL-150x150.jpg",150,150,true],"medium":["https:\/\/apostroph.es\/wp-content\/uploads\/2021\/08\/TEORIAIMBECIL-211x300.jpg",211,300,true],"medium_large":["https:\/\/apostroph.es\/wp-content\/uploads\/2021\/08\/TEORIAIMBECIL-768x1091.jpg",768,1091,true],"large":["https:\/\/apostroph.es\/wp-content\/uploads\/2021\/08\/TEORIAIMBECIL-721x1024.jpg",721,1024,true],"1536x1536":["https:\/\/apostroph.es\/wp-content\/uploads\/2021\/08\/TEORIAIMBECIL.jpg",873,1240,false],"2048x2048":["https:\/\/apostroph.es\/wp-content\/uploads\/2021\/08\/TEORIAIMBECIL.jpg",873,1240,false],"trp-custom-language-flag":["https:\/\/apostroph.es\/wp-content\/uploads\/2021\/08\/TEORIAIMBECIL-8x12.jpg",8,12,true],"mailpoet_newsletter_max":["https:\/\/apostroph.es\/wp-content\/uploads\/2021\/08\/TEORIAIMBECIL.jpg",873,1240,false],"woocommerce_thumbnail":["https:\/\/apostroph.es\/wp-content\/uploads\/2021\/08\/TEORIAIMBECIL-600x852.jpg",600,852,true],"woocommerce_single":["https:\/\/apostroph.es\/wp-content\/uploads\/2021\/08\/TEORIAIMBECIL-600x852.jpg",600,852,true],"woocommerce_gallery_thumbnail":["https:\/\/apostroph.es\/wp-content\/uploads\/2021\/08\/TEORIAIMBECIL-100x100.jpg",100,100,true]},"post_excerpt_stackable_v2":"<p><em><strong>Versi\u00f3n en catal\u00e1n<\/strong><\/em><\/p>\n<p>Joan Garc\u00eda es periodista y trabaja en un medio digital. Difama m\u00e1s que informa y est\u00e1 de vuelta de todo. Solo su amistad con otra reportera, Alexandra Riu, la ayuda a soportar el d\u00eda a d\u00eda. Una noche, bromeando, redacta la falsa noticia de la muerte de un diputado en el Parlamento de Catalu\u00f1a. Al d\u00eda siguiente, el pol\u00edtico est\u00e1 muerto. Mientras investiga si es una coincidencia o tiene un superpoder lleno de posibilidades, Garc\u00eda descubre unas misteriosas filmaciones dom\u00e9sticas que tienen que ver con su hermano Josep, que muri\u00f3 cuando era peque\u00f1o. Las dos tramas confluyen en un thriller lleno de apariencias, de secretos del pasado y de los peligros que implica hacer un mal uso de la palabra.<\/p>\n","category_list_v2":"","author_info_v2":{"name":"","url":""},"comments_num_v2":"0 comments","_links":{"self":[{"href":"https:\/\/apostroph.es\/ca\/wp-json\/wp\/v2\/product\/2040","targetHints":{"allow":["GET"]}}],"collection":[{"href":"https:\/\/apostroph.es\/ca\/wp-json\/wp\/v2\/product"}],"about":[{"href":"https:\/\/apostroph.es\/ca\/wp-json\/wp\/v2\/types\/product"}],"wp:featuredmedia":[{"embeddable":true,"href":"https:\/\/apostroph.es\/ca\/wp-json\/wp\/v2\/media\/2041"}],"wp:attachment":[{"href":"https:\/\/apostroph.es\/ca\/wp-json\/wp\/v2\/media?parent=2040"}],"wp:term":[{"taxonomy":"product_brand","embeddable":true,"href":"https:\/\/apostroph.es\/ca\/wp-json\/wp\/v2\/product_brand?post=2040"},{"taxonomy":"product_cat","embeddable":true,"href":"https:\/\/apostroph.es\/ca\/wp-json\/wp\/v2\/product_cat?post=2040"},{"taxonomy":"product_tag","embeddable":true,"href":"https:\/\/apostroph.es\/ca\/wp-json\/wp\/v2\/product_tag?post=2040"}],"curies":[{"name":"wp","href":"https:\/\/api.w.org\/{rel}","templated":true}]}}

La teoria de l&#8217;imbècil

<p>Inclou pròleg de Llucia Ramis</p>

<p>Versió en català</p>
<p>Joan Garcia és periodista i treballa en un mitjà digital. Difama més que informa i està de tornada de tot. Només la seva amistat amb una altra reportera, l'Alexandra Riu, l'ajuda a suportar el dia a dia. Una nit, fent broma, redacta la falsa notícia de la mort d'un diputat al Parlament de Catalunya. L'endemà, el polític és mort. Mentre investiga si és una coincidència o té un superpoder ple de possibilitats, en Garcia descobreix unes misterioses filmacions domèstiques que tenen a veure amb el seu germà Josep, que va morir quan era petit. Les dues trames conflueixen en un thriller ple d'aparences, de secrets del passat i dels perills que implica fer un mal ús de la paraula.</p>

<p><em><strong>Versión en catalán</strong></em></p>
<p>Joan García es periodista y trabaja en un medio digital. Difama más que informa y está de vuelta de todo. Solo su amistad con otra reportera, Alexandra Riu, la ayuda a soportar el día a día. Una noche, bromeando, redacta la falsa noticia de la muerte de un diputado en el Parlamento de Cataluña. Al día siguiente, el político está muerto. Mientras investiga si es una coincidencia o tiene un superpoder lleno de posibilidades, García descubre unas misteriosas filmaciones domésticas que tienen que ver con su hermano Josep, que murió cuando era pequeño. Las dos tramas confluyen en un thriller lleno de apariencias, de secretos del pasado y de los peligros que implica hacer un mal uso de la palabra.</p>
