{"id":2394,"date":"2022-04-11T18:09:56","date_gmt":"2022-04-11T18:09:56","guid":{"rendered":"https:\/\/apostroph.es\/?post_type=product&#038;p=2394"},"modified":"2022-09-07T17:51:23","modified_gmt":"2022-09-07T17:51:23","slug":"ucraniadonbass","status":"publish","type":"product","link":"https:\/\/apostroph.es\/ca\/product\/ucraniadonbass\/","title":{"rendered":"Ucrania\/Donbass: Una renovada Guerra Fr\u00eda"},"content":{"rendered":"<p>A 2014 Donetsk i Lugansk, les dues regions ucra\u00efneses del Donbass (la conca del riu Donets), es van declarar independents, esclatant una cruenta guerra. Avui encara no s'ha aconseguit una soluci\u00f3 al conflicte i les violacions dels successius alto-el-foc han estat constants.<\/p>\n<p>Des de llavors els separatistes prorussos \u2014secundats per Moscou\u2014 que reivindiquen la seva identitat s'han enfrontat amb el govern ucra\u00efn\u00e8s, que compta amb el suport d'organitzacions pol\u00edtiques i paramilitars nacionalistes.<\/p>\n<p>Aquest conflicte ha modificat les relacions entre Ucra\u00efna i R\u00fassia marcant una ruptura en algunes \u00e0rees: es van prohibir els vols directes entre tots dos pa\u00efsos, va haver-hi una marcada caiguda de les relacions comercials i, el 2019, la reforma constitucional va establir com a objectiu estrat\u00e8gic d'Ucra\u00efna la incorporaci\u00f3 a la Uni\u00f3 Europea (UE) i a l'Organitzaci\u00f3 del Tractat de l'Atl\u00e0ntic Nord (OTAN). Aquesta aproximaci\u00f3 a Occident ha desfermat l'actual estat de renovada Guerra Freda.<\/p>\n<p>El periodista argent\u00ed\u00a0<strong>Ignacio Hutin<\/strong>\u00a0va arribar a la regi\u00f3 del Donbass, dominada pels independentistes russ\u00f2fil. Una vegada all\u00e0, sobre el terreny, va comen\u00e7ar a investigar el dia a dia de les autoproclamades Rep\u00fabliques Populars de Donetsk (RPD) i Lugansk (RPL).<\/p>\n<p>En el seu periple va tenir l'oportunitat de visitar les trinxeres i el front dels combats que separen als rebels de les forces del govern ucra\u00efn\u00e8s a escassos 500 metres.<\/p>\n<p><strong>Aquest assaig recull les seves entrevistes i observacions sobre el conflicte.<\/strong><\/p>\n<hr \/>\n<h1><span style=\"color: #ff0000;\">Aquest llibre ha estat possible gr\u00e0cies a<\/span><\/h1>","protected":false},"excerpt":{"rendered":"<p>Ucra\u00efna \u00e9s un pa\u00eds dividit. Des de la dissoluci\u00f3 sovi\u00e8tica i la independ\u00e8ncia d'Ucra\u00efna el 1991, l'est i el sud del pa\u00eds \u00e9s majorit\u00e0riament pror\u00fas mentre que l'oest i el nord \u00e9s prooccidental. En l'est es parla rus, la identitat es vincula a la ind\u00fastria, a les ciutats, a l'Esgl\u00e9sia Ortodoxa russa. Per contra, a l'oest predomina l'idioma ucra\u00efn\u00e8s i la identitat est\u00e0 lligada a l'agricultura i al camp.<\/p>","protected":false},"featured_media":2409,"template":"","meta":{"ub_ctt_via":""},"product_brand":[],"product_cat":[213],"product_tag":[],"class_list":{"0":"post-2394","1":"product","2":"type-product","3":"status-publish","4":"has-post-thumbnail","6":"product_author-ignacio-hutin","7":"product_cat-ensayo","9":"first","10":"instock","11":"taxable","12":"shipping-taxable","13":"purchasable","14":"product-type-simple"},"featured_image_urls_v2":{"full":["https:\/\/apostroph.es\/wp-content\/uploads\/2022\/04\/COBERTA-UCRANIA-DONBASS.jpg",1071,1500,false],"thumbnail":["https:\/\/apostroph.es\/wp-content\/uploads\/2022\/04\/COBERTA-UCRANIA-DONBASS-150x150.jpg",150,150,true],"medium":["https:\/\/apostroph.es\/wp-content\/uploads\/2022\/04\/COBERTA-UCRANIA-DONBASS-214x300.jpg",214,300,true],"medium_large":["https:\/\/apostroph.es\/wp-content\/uploads\/2022\/04\/COBERTA-UCRANIA-DONBASS-768x1076.jpg",768,1076,true],"large":["https:\/\/apostroph.es\/wp-content\/uploads\/2022\/04\/COBERTA-UCRANIA-DONBASS-731x1024.jpg",731,1024,true],"1536x1536":["https:\/\/apostroph.es\/wp-content\/uploads\/2022\/04\/COBERTA-UCRANIA-DONBASS.jpg",1071,1500,false],"2048x2048":["https:\/\/apostroph.es\/wp-content\/uploads\/2022\/04\/COBERTA-UCRANIA-DONBASS.jpg",1071,1500,false],"trp-custom-language-flag":["https:\/\/apostroph.es\/wp-content\/uploads\/2022\/04\/COBERTA-UCRANIA-DONBASS-9x12.jpg",9,12,true],"mailpoet_newsletter_max":["https:\/\/apostroph.es\/wp-content\/uploads\/2022\/04\/COBERTA-UCRANIA-DONBASS.jpg",1071,1500,false],"woocommerce_thumbnail":["https:\/\/apostroph.es\/wp-content\/uploads\/2022\/04\/COBERTA-UCRANIA-DONBASS-600x840.jpg",600,840,true],"woocommerce_single":["https:\/\/apostroph.es\/wp-content\/uploads\/2022\/04\/COBERTA-UCRANIA-DONBASS-600x840.jpg",600,840,true],"woocommerce_gallery_thumbnail":["https:\/\/apostroph.es\/wp-content\/uploads\/2022\/04\/COBERTA-UCRANIA-DONBASS-100x100.jpg",100,100,true]},"post_excerpt_stackable_v2":"<p>Ucrania es un pa\u00eds dividido. Desde la disoluci\u00f3n sovi\u00e9tica y la independencia de Ucrania en 1991, el este y el sur del pa\u00eds es mayoritariamente prorruso mientras que el oeste y el norte es prooccidental. En el este se habla ruso, la identidad se vincula a la industria, a las ciudades, a la Iglesia Ortodoxa rusa. Por el contrario, en el oeste predomina el idioma ucraniano y la identidad est\u00e1 ligada a la agricultura y al campo.<\/p>\n","category_list_v2":"","author_info_v2":{"name":"","url":""},"comments_num_v2":"0 comments","_links":{"self":[{"href":"https:\/\/apostroph.es\/ca\/wp-json\/wp\/v2\/product\/2394","targetHints":{"allow":["GET"]}}],"collection":[{"href":"https:\/\/apostroph.es\/ca\/wp-json\/wp\/v2\/product"}],"about":[{"href":"https:\/\/apostroph.es\/ca\/wp-json\/wp\/v2\/types\/product"}],"wp:featuredmedia":[{"embeddable":true,"href":"https:\/\/apostroph.es\/ca\/wp-json\/wp\/v2\/media\/2409"}],"wp:attachment":[{"href":"https:\/\/apostroph.es\/ca\/wp-json\/wp\/v2\/media?parent=2394"}],"wp:term":[{"taxonomy":"product_brand","embeddable":true,"href":"https:\/\/apostroph.es\/ca\/wp-json\/wp\/v2\/product_brand?post=2394"},{"taxonomy":"product_cat","embeddable":true,"href":"https:\/\/apostroph.es\/ca\/wp-json\/wp\/v2\/product_cat?post=2394"},{"taxonomy":"product_tag","embeddable":true,"href":"https:\/\/apostroph.es\/ca\/wp-json\/wp\/v2\/product_tag?post=2394"}],"curies":[{"name":"wp","href":"https:\/\/api.w.org\/{rel}","templated":true}]}}

Ucrania/Donbass: Una renovada Guerra Fría

<p>A 2014 Donetsk i Lugansk, les dues regions ucraïneses del Donbass (la conca del riu Donets), es van declarar independents, esclatant una cruenta guerra. Avui encara no s'ha aconseguit una solució al conflicte i les violacions dels successius alto-el-foc han estat constants.</p>
<p>Des de llavors els separatistes prorussos —secundats per Moscou— que reivindiquen la seva identitat s'han enfrontat amb el govern ucraïnès, que compta amb el suport d'organitzacions polítiques i paramilitars nacionalistes.</p>
<p>Aquest conflicte ha modificat les relacions entre Ucraïna i Rússia marcant una ruptura en algunes àrees: es van prohibir els vols directes entre tots dos països, va haver-hi una marcada caiguda de les relacions comercials i, el 2019, la reforma constitucional va establir com a objectiu estratègic d'Ucraïna la incorporació a la Unió Europea (UE) i a l'Organització del Tractat de l'Atlàntic Nord (OTAN). Aquesta aproximació a Occident ha desfermat l'actual estat de renovada Guerra Freda.</p>
<p>El periodista argentí <strong>Ignacio Hutin</strong> va arribar a la regió del Donbass, dominada pels independentistes russòfil. Una vegada allà, sobre el terreny, va començar a investigar el dia a dia de les autoproclamades Repúbliques Populars de Donetsk (RPD) i Lugansk (RPL).</p>
<p>En el seu periple va tenir l'oportunitat de visitar les trinxeres i el front dels combats que separen als rebels de les forces del govern ucraïnès a escassos 500 metres.</p>
<p><strong>Aquest assaig recull les seves entrevistes i observacions sobre el conflicte.</strong></p>
<hr />
<h1><span style="color: #ff0000;">Aquest llibre ha estat possible gràcies a</span></h1>

<p>Ucraïna és un país dividit. Des de la dissolució soviètica i la independència d'Ucraïna el 1991, l'est i el sud del país és majoritàriament prorús mentre que l'oest i el nord és prooccidental. En l'est es parla rus, la identitat es vincula a la indústria, a les ciutats, a l'Església Ortodoxa russa. Per contra, a l'oest predomina l'idioma ucraïnès i la identitat està lligada a l'agricultura i al camp.</p>

<p>Ucrania es un país dividido. Desde la disolución soviética y la independencia de Ucrania en 1991, el este y el sur del país es mayoritariamente prorruso mientras que el oeste y el norte es prooccidental. En el este se habla ruso, la identidad se vincula a la industria, a las ciudades, a la Iglesia Ortodoxa rusa. Por el contrario, en el oeste predomina el idioma ucraniano y la identidad está ligada a la agricultura y al campo.</p>
