{"id":2170,"date":"2021-08-21T23:21:20","date_gmt":"2021-08-21T23:21:20","guid":{"rendered":"https:\/\/apostroph.es\/?page_id=2170"},"modified":"2021-08-21T23:21:24","modified_gmt":"2021-08-21T23:21:24","slug":"proteccion-de-datos","status":"publish","type":"page","link":"https:\/\/apostroph.es\/es\/proteccion-de-datos\/","title":{"rendered":"Protecci\u00f3n de datos"},"content":{"rendered":"<h1 class=\"wp-block-heading\"><\/h1><p>De conformidad con lo dispuesto en el art\u00edculo 5 apartado 1 de la Ley Org\u00e1nica 15\/1999, de 13 de diciembre, de Protecci\u00f3n de Datos de car\u00e1cter Personal, le informamos de lo siguiente:<\/p><h3 class=\"wp-block-heading\">&nbsp;<\/h3><h3 class=\"wp-block-heading\">Responsable del Fichero<\/h3><p>Los datos del responsable de los ficheros en los que se incluir\u00e1n datos personales recogidos y tratados desde esta p\u00e1gina web son:<br>APOSTROPH EDICIONS I PROPOSTES CULTURALS SLU<br>Mas Postius,5, 08505, Barcelona<br>+34 624 21 01 54<br><a href=\"mailto:apostroph@apostroph.cat\">apostroph@apostroph.cat<\/a><\/p><h3 class=\"wp-block-heading\">&nbsp;<\/h3><h3 class=\"wp-block-heading\">Usos y Finalidades de los Datos Recogidos<\/h3><p>Los datos que Vd. nos facilita a trav\u00e9s de esta web, formar\u00e1n parte de ficheros titularidad de RAZON SOCIAL DE LA EDITORIAL, siendo las finalidades\u00a0 las que se detallan a continuaci\u00f3n:<\/p><ul class=\"wp-block-list\"><li>Gesti\u00f3n de Venta: Cuando adquiere un producto a trav\u00e9s de nuestra web, los datos facilitados en los apartados \u201cdatos de env\u00edo\u201d y \u201cdatos de facturaci\u00f3n\u201d, en su caso, se utilizar\u00e1n para llevar a cabo la tramitaci\u00f3n y gesti\u00f3n de la venta y su posterior facturaci\u00f3n. <\/li><li>Realizar Ofertas, Promociones y Sorteos: La informaci\u00f3n que Vd. nos proporcione a trav\u00e9s de nuestros formularios de recogida de datos, podr\u00e1\u00a0 ser utilizada para la organizaci\u00f3n de promociones y sorteos de productos comercializados a trav\u00e9s de nuestra p\u00e1gina web. Cada promoci\u00f3n, oferta o sorteo contar\u00e1 con sus propias condiciones particulares.<\/li><li>Env\u00edo de Informaci\u00f3n: LA EDITORIAL utilizar\u00e1 los datos personales que el usuario proporcione en el apartado \u201ccontacte con nosotros\u201d para responder a las solicitudes de informaci\u00f3n que nos solicite.\u00a0 La informaci\u00f3n introducida en los formularios o correos electr\u00f3nicos de contacto se emplear\u00e1 adem\u00e1s, para enviarle informaci\u00f3n de inter\u00e9s sobre las novedades de los productos comercializados, as\u00ed como promociones, concursos y ofertas realizadas por LA EDITORIAL. Esta informaci\u00f3n se env\u00eda por v\u00eda postal y\/o electr\u00f3nica. Los usuarios que no desean recibir este tipo de informaci\u00f3n pueden comunicarlo a la direcci\u00f3n de correo electr\u00f3nico: EMAIL DE CONTACTO.<\/li><li>Gesti\u00f3n de Usuarios: La informaci\u00f3n que nos proporcione en el formulario de registro \u201cmi cuenta\u201d ser\u00e1 utilizada para la gesti\u00f3n de clientes y usuarios que utilicen nuestros servicios a trav\u00e9s de la p\u00e1gina web.<\/li><li>La cumplimentaci\u00f3n de los respectivos cuestionarios ser\u00e1 obligatoria para alcanzar los respectivos objetivos, no siendo posible alcanzar los fines indicados sin la obtenci\u00f3n de la referida informaci\u00f3n personal.<\/li><\/ul><h3 class=\"wp-block-heading\">&nbsp;<\/h3><h3 class=\"wp-block-heading\">Comunicaci\u00f3n de Datos a Terceros<\/h3><p>El Responsable del Fichero tiene previsto la comunicaci\u00f3n de sus datos personales a terceros en los supuestos que se detallan a continuaci\u00f3n:<\/p><ul class=\"wp-block-list\"><li>Por disposici\u00f3n legal: Sus datos ser\u00e1n comunicados a terceros en los supuestos en los que una disposici\u00f3n legal as\u00ed lo establezca (administraciones p\u00fablicas, autoridades administrativas o judiciales\u2026etc.).<\/li><li>Gesti\u00f3n de pagos y cobros: Sus datos personales ser\u00e1n comunicados a terceros cuando resulte necesario para formalizar y gestionar el pago de los productos o servicios adquiridos (paypal, entidades bancarias o cajas de ahorros).<\/li><li>A Terceros Necesarios para la Prestaci\u00f3n de Nuestros Servicios: se comunicar\u00e1n a terceros (administraciones p\u00fablicas, registros oficiales u otros profesionales como notarios\u2026etc) los datos de car\u00e1cter personal que resulten necesarios para prestar los servicios contratados.<\/li><li>Ganadores de Sorteos, Promociones y Concursos: LA EDITORIAL publicar\u00e1 los datos identificativos de los ganadores de sorteos, promociones o concursos. Estos datos (nombres), ser\u00e1n publicados en nuestra p\u00e1gina web y en las diversas redes sociales en las que LA EDITORIAL tenga cuenta o perfil corporativo.<\/li><\/ul><h3 class=\"wp-block-heading\">&nbsp;<\/h3><h3 class=\"wp-block-heading\">Confidencialidad<\/h3><p><span style=\"font-size: revert;\">LA EDITORIAL se obliga, de acuerdo establece el art\u00edculo 10 LOPD, a guardar secreto respecto a los datos personales tratados, a\u00fan despu\u00e9s de finalizada la relaci\u00f3n comercial entre ambas partes, debiendo extender esta obligaci\u00f3n a todo el personal de su organizaci\u00f3n que acceda a dichos ficheros.<\/span><\/p><h3 class=\"wp-block-heading\">&nbsp;<\/h3><h3 class=\"wp-block-heading\">Ejercicio de Derechos<\/h3><p>Le informamos del derecho que le asiste para ejercer sus Derechos de acceso, rectificaci\u00f3n, cancelaci\u00f3n y oposici\u00f3n mediante el env\u00edo de la solicitud de ejercicio correspondiente junto con copia del documento oficial que le identifique (DNI, carnet de conducir o pasaporte) a la direcci\u00f3n de del Responsable del Fichero. Para recabar informaci\u00f3n sobre la forma de ejercer estos derechos Vd. puede dirigirse a la p\u00e1gina web de la Agencia Espa\u00f1ola de Protecci\u00f3n de Datos:&nbsp;&nbsp;<a href=\"http:\/\/www.agpd.es\/\" target=\"_blank\" rel=\"noreferrer noopener\">www.agpd.es<\/a><\/p>","protected":false},"excerpt":{"rendered":"<p>De conformidad con lo dispuesto en el art\u00edculo 5 apartado 1 de la Ley Org\u00e1nica 15\/1999, de 13 de diciembre, de Protecci\u00f3n de Datos de car\u00e1cter Personal, le informamos de [&hellip;]<\/p>\n","protected":false},"author":1,"featured_media":0,"parent":0,"menu_order":0,"comment_status":"closed","ping_status":"closed","template":"","meta":{"ub_ctt_via":"","footnotes":""},"class_list":["post-2170","page","type-page","status-publish","hentry"],"featured_image_urls_v2":{"full":"","thumbnail":"","medium":"","medium_large":"","large":"","1536x1536":"","2048x2048":"","trp-custom-language-flag":"","mailpoet_newsletter_max":"","woocommerce_thumbnail":"","woocommerce_single":"","woocommerce_gallery_thumbnail":""},"post_excerpt_stackable_v2":"<p>De conformidad con lo dispuesto en el art\u00edculo 5 apartado 1 de la Ley Org\u00e1nica 15\/1999, de 13 de diciembre, de Protecci\u00f3n de Datos de car\u00e1cter Personal, le informamos de lo siguiente:&nbsp;Responsable del FicheroLos datos del responsable de los ficheros en los que se incluir\u00e1n datos personales recogidos y tratados desde esta p\u00e1gina web son:APOSTROPH EDICIONS I PROPOSTES CULTURALS SLUMas Postius,5, 08505, Barcelona+34 624 21 01 54apostroph@apostroph.cat&nbsp;Usos y Finalidades de los Datos RecogidosLos datos que Vd. nos facilita a trav\u00e9s de esta web, formar\u00e1n parte de ficheros titularidad de RAZON SOCIAL DE LA EDITORIAL, siendo las finalidades\u00a0 las que se&hellip;<\/p>\n","category_list_v2":"","author_info_v2":{"name":false,"url":"https:\/\/apostroph.es\/es\/author\/admin\/"},"comments_num_v2":"0 comentarios","featured_image_src":null,"_links":{"self":[{"href":"https:\/\/apostroph.es\/es\/wp-json\/wp\/v2\/pages\/2170","targetHints":{"allow":["GET"]}}],"collection":[{"href":"https:\/\/apostroph.es\/es\/wp-json\/wp\/v2\/pages"}],"about":[{"href":"https:\/\/apostroph.es\/es\/wp-json\/wp\/v2\/types\/page"}],"author":[{"embeddable":true,"href":"https:\/\/apostroph.es\/es\/wp-json\/wp\/v2\/users\/1"}],"replies":[{"embeddable":true,"href":"https:\/\/apostroph.es\/es\/wp-json\/wp\/v2\/comments?post=2170"}],"version-history":[{"count":1,"href":"https:\/\/apostroph.es\/es\/wp-json\/wp\/v2\/pages\/2170\/revisions"}],"predecessor-version":[{"id":2171,"href":"https:\/\/apostroph.es\/es\/wp-json\/wp\/v2\/pages\/2170\/revisions\/2171"}],"wp:attachment":[{"href":"https:\/\/apostroph.es\/es\/wp-json\/wp\/v2\/media?parent=2170"}],"curies":[{"name":"wp","href":"https:\/\/api.w.org\/{rel}","templated":true}]}}

Protección de datos

<h1 class="wp-block-heading"></h1><p>De conformidad con lo dispuesto en el artículo 5 apartado 1 de la Ley Orgánica 15/1999, de 13 de diciembre, de Protección de Datos de carácter Personal, le informamos de lo siguiente:</p><h3 class="wp-block-heading">&nbsp;</h3><h3 class="wp-block-heading">Responsable del Fichero</h3><p>Los datos del responsable de los ficheros en los que se incluirán datos personales recogidos y tratados desde esta página web son:<br>APOSTROPH EDICIONS I PROPOSTES CULTURALS SLU<br>Mas Postius,5, 08505, Barcelona<br>+34 624 21 01 54<br><a href="mailto:apostroph@apostroph.cat">apostroph@apostroph.cat</a></p><h3 class="wp-block-heading">&nbsp;</h3><h3 class="wp-block-heading">Usos y Finalidades de los Datos Recogidos</h3><p>Los datos que Vd. nos facilita a través de esta web, formarán parte de ficheros titularidad de RAZON SOCIAL DE LA EDITORIAL, siendo las finalidades  las que se detallan a continuación:</p><ul class="wp-block-list"><li>Gestión de Venta: Cuando adquiere un producto a través de nuestra web, los datos facilitados en los apartados “datos de envío” y “datos de facturación”, en su caso, se utilizarán para llevar a cabo la tramitación y gestión de la venta y su posterior facturación. </li><li>Realizar Ofertas, Promociones y Sorteos: La información que Vd. nos proporcione a través de nuestros formularios de recogida de datos, podrá  ser utilizada para la organización de promociones y sorteos de productos comercializados a través de nuestra página web. Cada promoción, oferta o sorteo contará con sus propias condiciones particulares.</li><li>Envío de Información: LA EDITORIAL utilizará los datos personales que el usuario proporcione en el apartado “contacte con nosotros” para responder a las solicitudes de información que nos solicite.  La información introducida en los formularios o correos electrónicos de contacto se empleará además, para enviarle información de interés sobre las novedades de los productos comercializados, así como promociones, concursos y ofertas realizadas por LA EDITORIAL. Esta información se envía por vía postal y/o electrónica. Los usuarios que no desean recibir este tipo de información pueden comunicarlo a la dirección de correo electrónico: EMAIL DE CONTACTO.</li><li>Gestión de Usuarios: La información que nos proporcione en el formulario de registro “mi cuenta” será utilizada para la gestión de clientes y usuarios que utilicen nuestros servicios a través de la página web.</li><li>La cumplimentación de los respectivos cuestionarios será obligatoria para alcanzar los respectivos objetivos, no siendo posible alcanzar los fines indicados sin la obtención de la referida información personal.</li></ul><h3 class="wp-block-heading">&nbsp;</h3><h3 class="wp-block-heading">Comunicación de Datos a Terceros</h3><p>El Responsable del Fichero tiene previsto la comunicación de sus datos personales a terceros en los supuestos que se detallan a continuación:</p><ul class="wp-block-list"><li>Por disposición legal: Sus datos serán comunicados a terceros en los supuestos en los que una disposición legal así lo establezca (administraciones públicas, autoridades administrativas o judiciales…etc.).</li><li>Gestión de pagos y cobros: Sus datos personales serán comunicados a terceros cuando resulte necesario para formalizar y gestionar el pago de los productos o servicios adquiridos (paypal, entidades bancarias o cajas de ahorros).</li><li>A Terceros Necesarios para la Prestación de Nuestros Servicios: se comunicarán a terceros (administraciones públicas, registros oficiales u otros profesionales como notarios…etc) los datos de carácter personal que resulten necesarios para prestar los servicios contratados.</li><li>Ganadores de Sorteos, Promociones y Concursos: LA EDITORIAL publicará los datos identificativos de los ganadores de sorteos, promociones o concursos. Estos datos (nombres), serán publicados en nuestra página web y en las diversas redes sociales en las que LA EDITORIAL tenga cuenta o perfil corporativo.</li></ul><h3 class="wp-block-heading">&nbsp;</h3><h3 class="wp-block-heading">Confidencialidad</h3><p><span style="font-size: revert;">LA EDITORIAL se obliga, de acuerdo establece el artículo 10 LOPD, a guardar secreto respecto a los datos personales tratados, aún después de finalizada la relación comercial entre ambas partes, debiendo extender esta obligación a todo el personal de su organización que acceda a dichos ficheros.</span></p><h3 class="wp-block-heading">&nbsp;</h3><h3 class="wp-block-heading">Ejercicio de Derechos</h3><p>Le informamos del derecho que le asiste para ejercer sus Derechos de acceso, rectificación, cancelación y oposición mediante el envío de la solicitud de ejercicio correspondiente junto con copia del documento oficial que le identifique (DNI, carnet de conducir o pasaporte) a la dirección de del Responsable del Fichero. Para recabar información sobre la forma de ejercer estos derechos Vd. puede dirigirse a la página web de la Agencia Española de Protección de Datos:&nbsp;&nbsp;<a href="http://www.agpd.es/" target="_blank" rel="noreferrer noopener">www.agpd.es</a></p>

<p>De conformidad con lo dispuesto en el artículo 5 apartado 1 de la Ley Orgánica 15/1999, de 13 de diciembre, de Protección de Datos de carácter Personal, le informamos de [&hellip;]</p>

<p>De conformidad con lo dispuesto en el artículo 5 apartado 1 de la Ley Orgánica 15/1999, de 13 de diciembre, de Protección de Datos de carácter Personal, le informamos de lo siguiente:&nbsp;Responsable del FicheroLos datos del responsable de los ficheros en los que se incluirán datos personales recogidos y tratados desde esta página web son:APOSTROPH EDICIONS I PROPOSTES CULTURALS SLUMas Postius,5, 08505, Barcelona+34 624 21 01 54apostroph@apostroph.cat&nbsp;Usos y Finalidades de los Datos RecogidosLos datos que Vd. nos facilita a través de esta web, formarán parte de ficheros titularidad de RAZON SOCIAL DE LA EDITORIAL, siendo las finalidades  las que se&hellip;</p>
