{"id":2006,"date":"2021-07-29T12:23:57","date_gmt":"2021-07-29T12:23:57","guid":{"rendered":"https:\/\/apostroph.es\/?post_type=product&#038;p=2006"},"modified":"2021-07-29T12:25:07","modified_gmt":"2021-07-29T12:25:07","slug":"conte-de-terror-2","status":"publish","type":"product","link":"https:\/\/apostroph.es\/es\/product\/conte-de-terror-2\/","title":{"rendered":"Contes de Terror 2"},"content":{"rendered":"<p>En el a\u00f1o 1816, el poeta Percey Shelley y su esposa Mary, junto con Lord Byron y el doctor Polidori, se encontraron en Villa Diodati, en Suiza, para pasar las vacaciones. La mansi\u00f3n era propiedad de un jud\u00edo de apellido Frankenstein. Durante tres d\u00edas no sali\u00f3 el sol y una atm\u00f3sfera de color rojo sangre domin\u00f3 el paisaje. Inspirados por el ambiente siniestro, acordaron que cada cual escribiera un relato de terror. Aqu\u00ed naci\u00f3 la inmortal obra <em>Frankenstein<\/em>, de Mary Shelley, Polidori escribi\u00f3 <em>El Vampiro<\/em> y Lord Byron el poema <em>Obscuridad<\/em>. Doscientos un a\u00f1os despu\u00e9s, en Torrebesses, los escritores Pere Cervantes, Quim Garc\u00eda Albero, Toni Hill y Anna Maria Villalonga se encierran en el Castillo-Palacio, un edificio con 1000 a\u00f1os de historia. Emulando Diodati, se retan a escribir cada cual un relato de miedo. Todo cabe: fantasmas, brujas y seres malignos. Aqu\u00ed ten\u00e9is el resultado: cuatro espl\u00e9ndidos cuentos que har\u00e1n las delicias de los amantes de la literatura de terror.<\/p>\n","protected":false},"excerpt":{"rendered":"<p>Versi\u00f3n en catal\u00e1n<\/p>\n<p>Estos relatos han sido inspirados en el pueblo de Torrebesses, dentro del II Festival de literatura de terror, Torrebesses Tiembla.<\/p>\n","protected":false},"featured_media":2007,"template":"","meta":{"ub_ctt_via":""},"product_brand":[],"product_cat":[194],"product_tag":[],"class_list":{"0":"post-2006","1":"product","2":"type-product","3":"status-publish","4":"has-post-thumbnail","6":"product_author-anna-maria-vilallonga","7":"product_author-pere-cervantes","8":"product_author-quim-garcia-albero","9":"product_author-toni-hill","10":"product_cat-cuentos","12":"first","13":"instock","14":"taxable","15":"shipping-taxable","16":"purchasable","17":"product-type-simple"},"featured_image_urls_v2":{"full":["https:\/\/apostroph.es\/wp-content\/uploads\/2021\/07\/CONTESTERROR2-1.jpg",973,1439,false],"thumbnail":["https:\/\/apostroph.es\/wp-content\/uploads\/2021\/07\/CONTESTERROR2-1-150x150.jpg",150,150,true],"medium":["https:\/\/apostroph.es\/wp-content\/uploads\/2021\/07\/CONTESTERROR2-1-203x300.jpg",203,300,true],"medium_large":["https:\/\/apostroph.es\/wp-content\/uploads\/2021\/07\/CONTESTERROR2-1-768x1136.jpg",768,1136,true],"large":["https:\/\/apostroph.es\/wp-content\/uploads\/2021\/07\/CONTESTERROR2-1-692x1024.jpg",692,1024,true],"1536x1536":["https:\/\/apostroph.es\/wp-content\/uploads\/2021\/07\/CONTESTERROR2-1.jpg",973,1439,false],"2048x2048":["https:\/\/apostroph.es\/wp-content\/uploads\/2021\/07\/CONTESTERROR2-1.jpg",973,1439,false],"trp-custom-language-flag":["https:\/\/apostroph.es\/wp-content\/uploads\/2021\/07\/CONTESTERROR2-1-8x12.jpg",8,12,true],"mailpoet_newsletter_max":["https:\/\/apostroph.es\/wp-content\/uploads\/2021\/07\/CONTESTERROR2-1.jpg",973,1439,false],"woocommerce_thumbnail":["https:\/\/apostroph.es\/wp-content\/uploads\/2021\/07\/CONTESTERROR2-1-600x887.jpg",600,887,true],"woocommerce_single":["https:\/\/apostroph.es\/wp-content\/uploads\/2021\/07\/CONTESTERROR2-1-600x887.jpg",600,887,true],"woocommerce_gallery_thumbnail":["https:\/\/apostroph.es\/wp-content\/uploads\/2021\/07\/CONTESTERROR2-1-100x100.jpg",100,100,true]},"post_excerpt_stackable_v2":"<p><em><strong>Versi\u00f3n en catal\u00e1n<\/strong><\/em><\/p>\n<p>Estos relatos han sido inspirados en el pueblo de Torrebesses, dentro del II Festival de literatura de terror, Torrebesses Tiembla.<\/p>\n","category_list_v2":"","author_info_v2":{"name":"","url":""},"comments_num_v2":"0 comentarios","_links":{"self":[{"href":"https:\/\/apostroph.es\/es\/wp-json\/wp\/v2\/product\/2006","targetHints":{"allow":["GET"]}}],"collection":[{"href":"https:\/\/apostroph.es\/es\/wp-json\/wp\/v2\/product"}],"about":[{"href":"https:\/\/apostroph.es\/es\/wp-json\/wp\/v2\/types\/product"}],"wp:featuredmedia":[{"embeddable":true,"href":"https:\/\/apostroph.es\/es\/wp-json\/wp\/v2\/media\/2007"}],"wp:attachment":[{"href":"https:\/\/apostroph.es\/es\/wp-json\/wp\/v2\/media?parent=2006"}],"wp:term":[{"taxonomy":"product_brand","embeddable":true,"href":"https:\/\/apostroph.es\/es\/wp-json\/wp\/v2\/product_brand?post=2006"},{"taxonomy":"product_cat","embeddable":true,"href":"https:\/\/apostroph.es\/es\/wp-json\/wp\/v2\/product_cat?post=2006"},{"taxonomy":"product_tag","embeddable":true,"href":"https:\/\/apostroph.es\/es\/wp-json\/wp\/v2\/product_tag?post=2006"}],"curies":[{"name":"wp","href":"https:\/\/api.w.org\/{rel}","templated":true}]}}

<p>En el año 1816, el poeta Percey Shelley y su esposa Mary, junto con Lord Byron y el doctor Polidori, se encontraron en Villa Diodati, en Suiza, para pasar las vacaciones. La mansión era propiedad de un judío de apellido Frankenstein. Durante tres días no salió el sol y una atmósfera de color rojo sangre dominó el paisaje. Inspirados por el ambiente siniestro, acordaron que cada cual escribiera un relato de terror. Aquí nació la inmortal obra <em>Frankenstein</em>, de Mary Shelley, Polidori escribió <em>El Vampiro</em> y Lord Byron el poema <em>Obscuridad</em>. Doscientos un años después, en Torrebesses, los escritores Pere Cervantes, Quim García Albero, Toni Hill y Anna Maria Villalonga se encierran en el Castillo-Palacio, un edificio con 1000 años de historia. Emulando Diodati, se retan a escribir cada cual un relato de miedo. Todo cabe: fantasmas, brujas y seres malignos. Aquí tenéis el resultado: cuatro espléndidos cuentos que harán las delicias de los amantes de la literatura de terror.</p>

<p>Versión en catalán</p>
<p>Estos relatos han sido inspirados en el pueblo de Torrebesses, dentro del II Festival de literatura de terror, Torrebesses Tiembla.</p>

<p><em><strong>Versión en catalán</strong></em></p>
<p>Estos relatos han sido inspirados en el pueblo de Torrebesses, dentro del II Festival de literatura de terror, Torrebesses Tiembla.</p>
