{"id":2118,"date":"2021-08-21T01:38:27","date_gmt":"2021-08-21T01:38:27","guid":{"rendered":"https:\/\/apostroph.es\/?post_type=product&#038;p=2118"},"modified":"2021-08-21T01:38:27","modified_gmt":"2021-08-21T01:38:27","slug":"lhorror","status":"publish","type":"product","link":"https:\/\/apostroph.es\/es\/product\/lhorror\/","title":{"rendered":"L&#8217;horror"},"content":{"rendered":"<p><em>Incluso en aquella guerra donde el horror y la locura parec\u00edan apoderarse de las consciencias deb\u00eda existir un l\u00edmite moral, una frontera entre la necesidad de combatir y el placer del exterminio&#8230;<\/em><\/p>\n<p><em>L&#8217;horror <\/em>nos explica la historia de Marko, profesor de historia en la universidad de Sarajevo que se ve obligado a tomar las armas para defender su ciudad, y de Suada, una joven que casi lo pierde todo. Cuando lo imposible sucedi\u00f3 en el coraz\u00f3n de Europa entre 1992 y 1995. L&#8217;<em>horror<\/em> es la novela de la guerra de Bosnia, contada desde dentro como nunca antes.<\/p>\n","protected":false},"excerpt":{"rendered":"<p>Versi\u00f3n en catal\u00e1n<\/p>\n<p>De Sarajevo a Mostar, trincheras, francotiradores, mercenarios, milicianos alucinados, periodistas en busca de s\u00ed mismos, mafiosos adolescentes y v\u00edctimas de una masacre consentida por occidente, ciudades asediadas que sirven de escenario a un retrato de la condici\u00f3n humana en su lado m\u00e1s oscuro. En plena Guerra de Bosnia.<\/p>\n","protected":false},"featured_media":2119,"template":"","meta":{"ub_ctt_via":""},"product_brand":[],"product_cat":[209],"product_tag":[],"class_list":{"0":"post-2118","1":"product","2":"type-product","3":"status-publish","4":"has-post-thumbnail","6":"product_author-juan-luis-martinez","7":"product_cat-narrativa","9":"first","10":"instock","11":"taxable","12":"shipping-taxable","13":"purchasable","14":"product-type-simple"},"featured_image_urls_v2":{"full":["https:\/\/apostroph.es\/wp-content\/uploads\/2021\/08\/horrorCAT.jpg",857,1200,false],"thumbnail":["https:\/\/apostroph.es\/wp-content\/uploads\/2021\/08\/horrorCAT-150x150.jpg",150,150,true],"medium":["https:\/\/apostroph.es\/wp-content\/uploads\/2021\/08\/horrorCAT-214x300.jpg",214,300,true],"medium_large":["https:\/\/apostroph.es\/wp-content\/uploads\/2021\/08\/horrorCAT-768x1075.jpg",768,1075,true],"large":["https:\/\/apostroph.es\/wp-content\/uploads\/2021\/08\/horrorCAT-731x1024.jpg",731,1024,true],"1536x1536":["https:\/\/apostroph.es\/wp-content\/uploads\/2021\/08\/horrorCAT.jpg",857,1200,false],"2048x2048":["https:\/\/apostroph.es\/wp-content\/uploads\/2021\/08\/horrorCAT.jpg",857,1200,false],"trp-custom-language-flag":["https:\/\/apostroph.es\/wp-content\/uploads\/2021\/08\/horrorCAT-9x12.jpg",9,12,true],"mailpoet_newsletter_max":["https:\/\/apostroph.es\/wp-content\/uploads\/2021\/08\/horrorCAT.jpg",857,1200,false],"woocommerce_thumbnail":["https:\/\/apostroph.es\/wp-content\/uploads\/2021\/08\/horrorCAT-600x840.jpg",600,840,true],"woocommerce_single":["https:\/\/apostroph.es\/wp-content\/uploads\/2021\/08\/horrorCAT-600x840.jpg",600,840,true],"woocommerce_gallery_thumbnail":["https:\/\/apostroph.es\/wp-content\/uploads\/2021\/08\/horrorCAT-100x100.jpg",100,100,true]},"post_excerpt_stackable_v2":"<p><em><strong>Versi\u00f3n en catal\u00e1n<\/strong><\/em><\/p>\n<p>De Sarajevo a Mostar, trincheras, francotiradores, mercenarios, milicianos alucinados, periodistas en busca de s\u00ed mismos, mafiosos adolescentes y v\u00edctimas de una masacre consentida por occidente, ciudades asediadas que sirven de escenario a un retrato de la condici\u00f3n humana en su lado m\u00e1s oscuro. En plena Guerra de Bosnia.<\/p>\n","category_list_v2":"","author_info_v2":{"name":"","url":""},"comments_num_v2":"0 comentarios","_links":{"self":[{"href":"https:\/\/apostroph.es\/es\/wp-json\/wp\/v2\/product\/2118","targetHints":{"allow":["GET"]}}],"collection":[{"href":"https:\/\/apostroph.es\/es\/wp-json\/wp\/v2\/product"}],"about":[{"href":"https:\/\/apostroph.es\/es\/wp-json\/wp\/v2\/types\/product"}],"wp:featuredmedia":[{"embeddable":true,"href":"https:\/\/apostroph.es\/es\/wp-json\/wp\/v2\/media\/2119"}],"wp:attachment":[{"href":"https:\/\/apostroph.es\/es\/wp-json\/wp\/v2\/media?parent=2118"}],"wp:term":[{"taxonomy":"product_brand","embeddable":true,"href":"https:\/\/apostroph.es\/es\/wp-json\/wp\/v2\/product_brand?post=2118"},{"taxonomy":"product_cat","embeddable":true,"href":"https:\/\/apostroph.es\/es\/wp-json\/wp\/v2\/product_cat?post=2118"},{"taxonomy":"product_tag","embeddable":true,"href":"https:\/\/apostroph.es\/es\/wp-json\/wp\/v2\/product_tag?post=2118"}],"curies":[{"name":"wp","href":"https:\/\/api.w.org\/{rel}","templated":true}]}}

<p><em>Incluso en aquella guerra donde el horror y la locura parecían apoderarse de las consciencias debía existir un límite moral, una frontera entre la necesidad de combatir y el placer del exterminio&#8230;</em></p>
<p><em>L&#8217;horror </em>nos explica la historia de Marko, profesor de historia en la universidad de Sarajevo que se ve obligado a tomar las armas para defender su ciudad, y de Suada, una joven que casi lo pierde todo. Cuando lo imposible sucedió en el corazón de Europa entre 1992 y 1995. L&#8217;<em>horror</em> es la novela de la guerra de Bosnia, contada desde dentro como nunca antes.</p>

<p>Versión en catalán</p>
<p>De Sarajevo a Mostar, trincheras, francotiradores, mercenarios, milicianos alucinados, periodistas en busca de sí mismos, mafiosos adolescentes y víctimas de una masacre consentida por occidente, ciudades asediadas que sirven de escenario a un retrato de la condición humana en su lado más oscuro. En plena Guerra de Bosnia.</p>

<p><em><strong>Versión en catalán</strong></em></p>
<p>De Sarajevo a Mostar, trincheras, francotiradores, mercenarios, milicianos alucinados, periodistas en busca de sí mismos, mafiosos adolescentes y víctimas de una masacre consentida por occidente, ciudades asediadas que sirven de escenario a un retrato de la condición humana en su lado más oscuro. En plena Guerra de Bosnia.</p>
